{"id":374,"date":"2025-08-25T18:01:26","date_gmt":"2025-08-25T16:01:26","guid":{"rendered":"https:\/\/tienda.360armonico.com\/?post_type=product&#038;p=374"},"modified":"2026-03-12T13:02:44","modified_gmt":"2026-03-12T12:02:44","slug":"matriz-isotropica","status":"publish","type":"product","link":"https:\/\/tienda.360armonico.com\/index.php\/producto\/matriz-isotropica\/","title":{"rendered":"Matriz Isotr\u00f3pica"},"content":{"rendered":"<p>Piezas de impresi\u00f3n 3D de resina. Cada pieza es \u00fanica hecha con mucho amor y cari\u00f1o, por eso todas las piezas no son perfectamente iguales, al igual que el Yin y el Yang, d\u00f3nde la perfecci\u00f3n y la imperfecci\u00f3n forman el Tao. Adem\u00e1s incluye ficha del producto y protocolo.<\/p>\n<p>Importante: No mojar las piezas. No someter a presiones, son piezas resistentes pero pueden romperse si se las somete a mucha presi\u00f3n.<\/p>\n<p>&nbsp;<\/p>\n","protected":false},"excerpt":{"rendered":"<p>Impresi\u00f3n 3D Resina de color transparente \u00a06cm de tama\u00f1o de la pieza. La Matriz Isotr\u00f3pica tambi\u00e9n es llamado el Vector de Equilibrio. Esta estructura nos ayuda a equilibrar y simetrizar nuestro campo magn\u00e9tico, aportando estabilidad y consistencia a nuestra energ\u00eda.<\/p>\n","protected":false},"featured_media":303,"comment_status":"open","ping_status":"closed","template":"","meta":{"_acf_changed":false},"product_brand":[],"product_cat":[20,39,30,31],"product_tag":[],"class_list":{"0":"post-374","1":"product","2":"type-product","3":"status-publish","4":"has-post-thumbnail","6":"product_cat-coherencia","7":"product_cat-equilibrio-biomagnetico","8":"product_cat-geometria","9":"product_cat-geometria-sagrada","10":"product_shipping_class-estandar-653","12":"first","13":"instock","14":"taxable","15":"shipping-taxable","16":"purchasable","17":"product-type-variable"},"acf":[],"_links":{"self":[{"href":"https:\/\/tienda.360armonico.com\/index.php\/wp-json\/wp\/v2\/product\/374","targetHints":{"allow":["GET"]}}],"collection":[{"href":"https:\/\/tienda.360armonico.com\/index.php\/wp-json\/wp\/v2\/product"}],"about":[{"href":"https:\/\/tienda.360armonico.com\/index.php\/wp-json\/wp\/v2\/types\/product"}],"replies":[{"embeddable":true,"href":"https:\/\/tienda.360armonico.com\/index.php\/wp-json\/wp\/v2\/comments?post=374"}],"wp:featuredmedia":[{"embeddable":true,"href":"https:\/\/tienda.360armonico.com\/index.php\/wp-json\/wp\/v2\/media\/303"}],"wp:attachment":[{"href":"https:\/\/tienda.360armonico.com\/index.php\/wp-json\/wp\/v2\/media?parent=374"}],"wp:term":[{"taxonomy":"product_brand","embeddable":true,"href":"https:\/\/tienda.360armonico.com\/index.php\/wp-json\/wp\/v2\/product_brand?post=374"},{"taxonomy":"product_cat","embeddable":true,"href":"https:\/\/tienda.360armonico.com\/index.php\/wp-json\/wp\/v2\/product_cat?post=374"},{"taxonomy":"product_tag","embeddable":true,"href":"https:\/\/tienda.360armonico.com\/index.php\/wp-json\/wp\/v2\/product_tag?post=374"}],"curies":[{"name":"wp","href":"https:\/\/api.w.org\/{rel}","templated":true}]}}