{"id":1372,"date":"2025-12-13T10:10:34","date_gmt":"2025-12-13T09:10:34","guid":{"rendered":"https:\/\/tienda.360armonico.com\/?post_type=product&#038;p=1372"},"modified":"2025-12-13T10:12:51","modified_gmt":"2025-12-13T09:12:51","slug":"semilla-de-la-vida-2","status":"publish","type":"product","link":"https:\/\/tienda.360armonico.com\/index.php\/producto\/semilla-de-la-vida-2\/","title":{"rendered":"Semilla de la Vida"},"content":{"rendered":"<p class=\"p1\">La <span class=\"s1\"><b>Semilla de la Vida<\/b><\/span> es uno de los s\u00edmbolos m\u00e1s antiguos y universales de la creaci\u00f3n. Est\u00e1 formada por siete c\u00edrculos entrelazados que representan las <span class=\"s1\"><b>siete etapas de nacimiento de la vida<\/b><\/span>, la expansi\u00f3n del universo y el potencial infinito que habita en cada ser.<\/p>\n<p class=\"p1\">Es una geometr\u00eda que <span class=\"s1\"><b>armoniza, ordena y activa la energ\u00eda vital<\/b><\/span>, ayudando a abrir nuevos comienzos, clarificar la intenci\u00f3n y reconectar con el propio prop\u00f3sito.<\/p>\n<p class=\"p1\">Ideal para acompa\u00f1ar procesos de crecimiento personal, siembras energ\u00e9ticas, proyectos nuevos o momentos de transformaci\u00f3n interna.<\/p>\n<p class=\"p3\"><span class=\"s2\">Un recordatorio visual y vibracional de que <\/span><b>todo lo que deseas crear ya existe en potencia dentro de ti<\/b><span class=\"s2\">.<\/span><\/p>\n<p>Figura de diferentes tama\u00f1os, \u00a0con ficha t\u00e9cnica + protocolo de uso.<\/p>\n","protected":false},"excerpt":{"rendered":"<p class=\"p1\">La <span class=\"s1\"><b>Semilla de la Vida<\/b><\/span> es una geometr\u00eda sagrada que simboliza el origen y la expansi\u00f3n de toda creaci\u00f3n. Su dise\u00f1o armoniza y ordena la energ\u00eda, ayudando a abrir nuevos comienzos, clarificar la intenci\u00f3n y activar el potencial interior.<\/p>\n<p class=\"p1\">Un recordatorio simple y poderoso de que <span class=\"s1\"><b>toda creaci\u00f3n empieza en ti<\/b><\/span>.<\/p>\n","protected":false},"featured_media":1155,"comment_status":"open","ping_status":"closed","template":"","meta":{"_acf_changed":false},"product_brand":[],"product_cat":[35,20,21,36,37,23,24,25,26,27,38,29,30,31,72,32],"product_tag":[],"class_list":{"0":"post-1372","1":"product","2":"type-product","3":"status-publish","4":"has-post-thumbnail","6":"product_cat-calma-y-serenidad","7":"product_cat-coherencia","8":"product_cat-comprension","9":"product_cat-conexion-sutil","10":"product_cat-creatividad","11":"product_cat-elemento-agua","12":"product_cat-elemento-fuego","13":"product_cat-elemento-madera","14":"product_cat-elemento-metal","15":"product_cat-elemento-tierra","16":"product_cat-equilibrio-chackra-4","17":"product_cat-equilibrio-chakra-8","18":"product_cat-geometria","19":"product_cat-geometria-sagrada","20":"product_cat-hogar","21":"product_cat-sentido-de-vida","22":"product_shipping_class-estandar-plus-848","24":"first","25":"instock","26":"taxable","27":"shipping-taxable","28":"purchasable","29":"product-type-variable"},"acf":[],"_links":{"self":[{"href":"https:\/\/tienda.360armonico.com\/index.php\/wp-json\/wp\/v2\/product\/1372","targetHints":{"allow":["GET"]}}],"collection":[{"href":"https:\/\/tienda.360armonico.com\/index.php\/wp-json\/wp\/v2\/product"}],"about":[{"href":"https:\/\/tienda.360armonico.com\/index.php\/wp-json\/wp\/v2\/types\/product"}],"replies":[{"embeddable":true,"href":"https:\/\/tienda.360armonico.com\/index.php\/wp-json\/wp\/v2\/comments?post=1372"}],"wp:featuredmedia":[{"embeddable":true,"href":"https:\/\/tienda.360armonico.com\/index.php\/wp-json\/wp\/v2\/media\/1155"}],"wp:attachment":[{"href":"https:\/\/tienda.360armonico.com\/index.php\/wp-json\/wp\/v2\/media?parent=1372"}],"wp:term":[{"taxonomy":"product_brand","embeddable":true,"href":"https:\/\/tienda.360armonico.com\/index.php\/wp-json\/wp\/v2\/product_brand?post=1372"},{"taxonomy":"product_cat","embeddable":true,"href":"https:\/\/tienda.360armonico.com\/index.php\/wp-json\/wp\/v2\/product_cat?post=1372"},{"taxonomy":"product_tag","embeddable":true,"href":"https:\/\/tienda.360armonico.com\/index.php\/wp-json\/wp\/v2\/product_tag?post=1372"}],"curies":[{"name":"wp","href":"https:\/\/api.w.org\/{rel}","templated":true}]}}